+ 686057. Is g composite?
True
Suppose 22*j - 17*j = 10. Suppose -j*m + 2*o - 1046 = 0, -5*m + 0*o - 3*o - 2623 = 0. Let u = m + 921. Is u a composite number?
False
Suppose 1118 = -5*g + i, -5*i + 24 = 9. Let a = -693 - -1239. Let b = a + g. Is b composite?
True
Let n(c) = -c**2 + 29*c - 122. Let k be n(24). Let r(v) = -3 - 4 - 334*v - 8*v. Is r(k) a composite number?
False
Suppose 0 = k + 4*v - 20204 - 2161, 89421 = 4*k + 3*v. Suppose -1363 = 10*a - k. Let n = -1250 + a. Is n composite?
True
Let q(p) = 61*p**3 - 7*p**2 + 9*p - 13. Let a be q(5). Suppose -7*l - a = -13*l. Is l a composite number?
True
Let q(n) = -293*n - 107. Let u be 56/(-102)*69 + 14/(-119). Is q(u) prime?
True
Suppose 1020 = 6*q + 186. Suppose -132*j + q*j = 1015. Is j a prime number?
False
Suppose 4*y - 7*y + 408 = 0. Suppose 2*s = 218 + y. Suppose 3*r - s = 162. Is r a composite number?
False
Suppose -2 = 2*m + 2*d, 10 = -m - 4*d - 0. Is 0 - 3/m*59230/(-15) prime?
True
Suppose 3*b - 4 = -0*b + 5*g, -2*b = 2*g - 8. Let o be 7/2 - ((-14)/4 + b). Suppose 0 = -o*f + 44 + 192. Is f a composite number?
False
Is 14/(-35) - (-356114)/10 a prime number?
False
Is 10269 + -1*(-6 + -1) - -1 composite?
True
Suppose -2*m + 14 = 4*t - 0*m, -5*m - 5 = 0. Let i(n) = n**3 - n**2 - 10*n + 2. Let p be i(t). Is (-6)/15 - (-3944)/p a prime number?
False
Let k be (168/60)/(((-32)/60)/(-4)). Suppose 0 = k*o - 17*o - 7604. Is o a prime number?
True
Suppose -6*b + 38 = -106. Let g(v) = 12*v - 37*v + b + 4*v - 24*v. Is g(-7) a prime number?
False
Let t(l) = l**3 - 7*l**2 + 12*l - 23. Let j be t(3). Let z(b) = b**2 + 5*b - 23. Is z(j) a composite number?
True
Is 12/((10/4)/(15/9)) + 706853 a composite number?
True
Is 8 - 18 - 1*(-1249724)/7 a composite number?
True
Let x(j) = -j**2 - j - 2. Let t be x(-1). Let q be (-82)/(-4) - ((-52)/(-8))/(-13). Is t/(-7) + (2 - (-6483)/q) prime?
True
Let o(p) = 9*p**3 + 3*p**2 - 2*p - 7. Suppose -a + 33 = -2*n, -2*a = a - 3*n - 102. Let c = a + -32. Is o(c) prime?
True
Let j = 85990 - -11781. Is j a prime number?
True
Suppose 0*n = -m + n - 1439, 3*m + 4337 = -2*n. Let a = m + 4000. Is a a composite number?
False
Suppose -t + 2 = -2. Suppose 5*c + 106 = -t*b + b, 3*c - 138 = 3*b. Is 4605/6 - (-7)/(b/(-9)) composite?
False
Let g = -48422 + 81709. Is g a composite number?
False
Let n = -414 + 773. Suppose 3*m = 2*m - n. Let k = 570 + m. Is k a composite number?
False
Suppose 3*d - 77 = 76. Suppose 5*c + d = 1446. Let n = c - 62. Is n a prime number?
False
Let u = -17080 - -85443. Suppose -5*l + 6*l = u. Suppose 0 = -5*k + l - 678. Is k prime?
True
Suppose f = 0, 7*f - 3076 = -t + 9*f. Let j = t + 2001. Is j a prime number?
True
Suppose -4*r - 73 = -5*f, 2*f - 2*r - 24 = -3*r. Let x(t) = 24*t**2 - 17*t + 6. Is x(f) composite?
True
Suppose -5*y = 2*j - 2943, 301 = 2*y - 3*j - 880. Let z = -279 - -291. Suppose z*g = y + 3935. Is g a composite number?
True
Let f(l) = -l**2 - l. Let d(u) = -11*u**2 - u + 9. Let b(n) = n - 9. Let j be b(10). Let g(q) = j*f(q) - d(q). Is g(-8) composite?
False
Is (20 + (-15616680)/140)*(-7)/4*2 a composite number?
False
Suppose -27*q - 20859183 = -29*q - 67*q. Is q a prime number?
False
Suppose c - 494941 = 4*i, -4*c + 5*i + 1439347 + 540318 = 0. Is c a composite number?
True
Let f be 18/6 - (-3 + 0 + -6612). Let p(m) = m**2 - 13*m + 25. Let s be p(11). Suppose 8*y - 10*y = -s*w + f, -w - y = -2206. Is w a composite number?
True
Suppose 4573*p - 4656*p = -4316581. Is p composite?
True
Suppose -775231 + 21584723 = 44*x. Is x composite?
True
Let v = -126826 - -232493. Is v a composite number?
False
Let x(w) = 169*w**2 + 662*w - 22. Is x(21) composite?
True
Let q be ((-40)/5)/(-2) + 12998. Suppose 0 = -14*a + 25372 + q. Is a prime?
True
Is (-1928 + -18 + -3)*(-20 - -3) prime?
False
Let o(t) = -2*t - 30. Let v be o(-20). Suppose 3*s - l - v = 0, -3*s - 4*l = -1 + 11. Suppose -16 = -d + 5*u, -s - 4 = -2*u. Is d a composite number?
False
Suppose -3*s = -3*k - 0*s + 80136, k - 4*s - 26697 = 0. Suppose 0 = -f - 4*c + 8901, 2*f - 5*c + k = 5*f. Is f a composite number?
True
Let v(y) = -38*y**3 + 3*y**2 + 15*y + 443. Is v(-10) a prime number?
True
Suppose -8921146 = -60*m - 1607446. Is m a composite number?
True
Suppose 102*a + a = 4125139 + 3819972. Is a a prime number?
True
Let k(l) = 14*l - 3. Let a(x) = 380*x - 80. Let s(h) = 2*a(h) - 55*k(h). Let r be s(0). Suppose r*w - 1241 = 1654. Is w composite?
True
Is (-1614596)/(-1) + (8/8 - 14) a prime number?
True
Suppose -12*v - 13 = 4811. Suppose -4*p + 1750 = -2*i, 3*i - 7*i + 3*p - 3490 = 0. Let q = v - i. Is q prime?
False
Suppose -4*z - 5*g + 352492 = 0, -2*z + 84565 = g - 91681. Is z prime?
False
Let g(d) = 105*d**2 - 4*d - 8. Let z be g(-4). Suppose z = -6*j + 8*j. Let h = j + -553. Is h a composite number?
True
Let k(z) = 1950*z + 207. Let l be k(13). Suppose 11993 = 10*t - l. Is t prime?
False
Let u = -242989 - -407558. Is u a prime number?
True
Let x = 34464 - 19844. Suppose -10993 = -3*p - 3*g - g, 4*p - 4*g = x. Is p prime?
True
Let z(b) = -b**3 + 2*b + 13. Let o be z(0). Suppose 0 = 5*t - h - 14338, -5737 = 11*t - o*t + h. Is t composite?
True
Is 25/(-15) - (3 + 425450/(-30)) prime?
True
Suppose j + c - 5 = -2, 0 = 3*j - 2*c - 4. Let f = -736 + 785. Suppose 3*x = -2*t - f + 216, j = 2*t. Is x a composite number?
True
Let z = 132214 + -59727. Is z a composite number?
True
Suppose 14832 = -q + 17671. Is q composite?
True
Let d(q) = -2*q**3 - 14*q**2 + 29*q + 157. Is d(-26) a composite number?
True
Let m = -588 + 332. Let n = m + 447. Is n a composite number?
False
Let h = -93 - -134. Let m = 548 - h. Let k = 824 - m. Is k composite?
False
Suppose -15887 = 21*v - 79748. Is v a composite number?
False
Let j be (-123)/(-9) + (-2)/3. Suppose -8*g + j + 3 = 0. Suppose 2*q - 3*c = 1918, g*c = -2*q - 3*c + 1886. Is q a composite number?
False
Is (2*18/180*-5)/(1/(-1095851)) composite?
False
Suppose -18*n + 25 - 115 = 0. Let h(b) = -3369*b - 122. Is h(n) a composite number?
True
Suppose 0 = -83*z + 6100425 - 1513264. Is z composite?
True
Let t(g) = 75*g**2 + 6*g - 4. Let j(x) = -6*x + 26. Let n be j(4). Suppose 0 = k + n*k - 15. Is t(k) composite?
False
Let p(s) = -11665*s**3 - 6*s - 6. Suppose 2*a - 7 = -3*j, -9 - 6 = 5*j - 2*a. Is p(j) composite?
True
Let i(j) = -2*j**3 - 36*j**2 + 134*j + 765. Is i(-57) a composite number?
True
Let l be (40 - 46)*1/(6/20). Is ((-1)/(-6))/(l/(-5045160)) a prime number?
True
Let v = -180 + -373. Let w = v + 2474. Is w prime?
False
Suppose 0 = b - 0*b - 2*g - 882, 4*b - 2*g = 3510. Suppose 5*v - 667 = -2*r - r, 4*r + 4*v = b. Let x = r + -125. Is x a prime number?
True
Let r(q) = -5*q**3 + 14*q**2 - 4*q + 1. Suppose -5*v + 4 = -4*v. Let f be r(v). Is 22/(-33)*(f + 0) composite?
True
Let w = 207374 - -581020. Is w/42 + (-6)/21 a prime number?
False
Suppose 0 = -166*o + 5939438 - 1245456. Is o composite?
False
Suppose -5*f + 62 - 57 = 0. Let x be -5 + f - (-184 + -4). Suppose -5*m + x + 171 = 0. Is m a prime number?
True
Let d = 8528 + 63991. Let t = d - 35866. Is t a prime number?
True
Suppose 3*o + 12 = 4*z - 4, -5*o = 3*z - 41. Suppose s + 2*i + 3 = 0, z*s - 31 = 4*s + 4*i. Is (-1)/(-2)*((2 - -99) + s) a prime number?
True
Let s be (-2484)/(-84) + 8/(-14). Let p = s + -25. Suppose -3*g = -5*n - 2969, -p*g - 3*n + 3920 = -0*n. Is g composite?
False
Let y be ((-168)/(-16))/7*2. Suppose -5*n + 20 = 0, -3*w - 2*w = y*n - 8217. Is w composite?
True
Let c = 128 + -72. Let a be ((-9)/(-15))/(c/(-60) - -1). Let m(s) = 2*s**3 - 12*s**2 + 18*s - 13. Is m(a) composite?
True
Suppose -5*z + 2*z = -4*p - 21982, 0 = 2*z + p - 14662. Suppose 9*g - 7*g - 4888 = -2*r, -z = -3*g - 4*r. Is g a prime number?
False
Let x = -23 + 29. Suppose 5*l + x*u = 2*u + 4551, -3*l + 2741 = 5*u. Is l a prime number?
True
Let j be (5 + -3)*(-117)/(-6). Suppose j + 146 = t. Suppose -t = -5*o + 750. Is o prime?
False
Let p(s) = 170691*s - 76. Is p(1) prime?
False
Suppose 4*o - 24 = -2*p - 8, -5 = -4*p + o. Suppose -3*s = 0, -p*y + 6*s + 5514 = 11*s. Is y a prime number?
False
Let b(r) = 154*r**2 - r. Let p be b(-2). Suppose -2070 = -4*w - p. Suppose 0 = -3*j + w - 18. Is j composite?
True
Suppose -3*q = 2*m + 7, 7 = -2*q + 3*m - 2*m. Let s be (1 + q)/(18781/6258 + -3). Let u = s + 3347. Is u pri